-10)?
2
What is the hundreds digit of (-21)/(-7) + 0 + 6715?
7
Suppose 0 = -2*b + b + 4. Suppose 3*d - 230 = b*u, -2*d + 116 = -2*u - d. Let l = u + 70. What is the units digit of l?
1
Let j = -65 - -1121. What is the thousands digit of j?
1
Suppose -3*t = -j + 1, 3 = 5*t + j + 2*j. Suppose -5*g + 18*g - 1365 = t. What is the hundreds digit of g?
1
Suppose 2*i + 4*q = 10444, -38*q + 41*q + 10479 = 2*i. What is the tens digit of i?
3
What is the tens digit of 1410 - -1 - ((-322)/23 - -14)?
1
Let o(a) = -94 - 864*a + 12 + 39 + 3. What is the units digit of o(-1)?
4
Suppose -1320 = -5*p + p. Let u = -555 - -385. Let n = u + p. What is the hundreds digit of n?
1
Suppose 50 = -4*h + 106. Let b = 8 - -173. Suppose -3*i = -b - h. What is the tens digit of i?
6
Suppose 3*u + 3 = t - 0, -3*t = -4*u - 4. Let p be ((-360)/(-48))/(11/(-12) - u). Let h = 37 + p. What is the tens digit of h?
2
Suppose -162226 = 26*a - 55*a. What is the units digit of a?
4
Let p(z) = 10462*z**3 + z**2 + 54*z - 55. What is the hundreds digit of p(1)?
4
Let r(n) be the first derivative of -3*n**2 - 42*n + 5. What is the tens digit of r(-12)?
3
Suppose -3*i + 3*x + 17418 = 0, -2*i - 1634 + 13242 = 2*x. What is the hundreds digit of i?
8
Let a be 575/(-4 + 10 + -5). Suppose -5*q = -1165 - a. What is the tens digit of q?
4
Let k = 230 + 294. Let c = k - 267. What is the hundreds digit of c?
2
Let u be 3/8*(-576)/(-108). Suppose -u*s - 3*g = 5, 0 = -32*s + 27*s - 2*g + 4. What is the units digit of s?
2
Suppose 624 = -2*q + 5*q. Suppose -4*i - q = 52. Let w = -33 - i. What is the units digit of w?
2
Let w(i) = 12*i**3 + 18*i**2 + 7*i - 168. What is the thousands digit of w(8)?
7
Let f be 1/((52/24)/13). Let p be -2*(-1 + (429/f - 1)). Let t = p + 293. What is the hundreds digit of t?
1
Suppose 7*d - 6 + 27 = 0. Let r be (-27 - (d - 0))*-1. What is the units digit of ((-430)/(-40))/(2 + (-45)/r)?
6
Suppose 2 = 10*f + 2. Suppose 0 = 5*w - 15, m + 0*m + 3*w + 44 = f. Let s = m - -79. What is the units digit of s?
6
Suppose -5*h = -t - 10, 2*h - 12 = -2*t + 4*h. Let d(k) = k**3 - 32*k**2 - 143*k - 31. Let o be d(36). Suppose t*v - 305 = o*v. What is the units digit of v?
1
Let n = 3079 + -2196. What is the tens digit of n?
8
Let s(p) = p**2 - 6*p - 10. Let a be s(7). Let d(i) = -51*i - 18. Let n(b) = 46*b + 15. Let v(x) = -3*d(x) - 4*n(x). What is the units digit of v(a)?
7
Suppose -13*l + 812232 = 53*l + 21*l. What is the units digit of l?
6
Let t(k) = 16*k**2 + 23*k - 1103. What is the hundreds digit of t(55)?
5
Suppose -8*j - 252 = 108. Let y = j - -86. What is the units digit of y?
1
Let f be ((-7)/2 - -1)/((-6)/12). Let t(j) = 40 + 2*j**3 + 6 - j**2 + f - j**3. What is the units digit of t(0)?
1
Suppose -8216 = 20*r - 2356. Let s = r + 385. What is the units digit of s?
2
Suppose -66*k - 3 = -65*k. What is the tens digit of 2 - (k - -12)*(-539)/7?
9
Suppose 5*z - 1490 = -1520, -3*z + 13934 = 2*h. What is the tens digit of h?
7
Let r be 6/24*(2067 - 1)*2. Let j = r + -642. What is the hundreds digit of j?
3
Let b(u) = -u**3 - 25*u**2 + 113*u - 157. What is the hundreds digit of b(-31)?
1
Let f(h) = 11*h**2 + 4*h + 8. Let q be f(-3). Suppose -i - 100 = q. Let j = i + 285. What is the tens digit of j?
9
Let x(r) = r - 2*r + 37*r**3 + 6*r + 12*r**2 - 12 - 13*r**2. What is the units digit of x(2)?
0
Let d(l) = 24*l - 20. Let w be 3*(-4)/16*2*-2. Suppose 3*v - 39 = -w*i - 12, -4*v + 18 = 2*i. What is the tens digit of d(i)?
9
Let z be (-21)/6*(2 - (-1 - -1)). Let n be 24/(-32) - z/4. What is the hundreds digit of n + 149/(-2)*(-6)/3?
1
Suppose 0 = 72*m - 71*m. Suppose -2*p + 62 + 218 = m. What is the hundreds digit of p?
1
Let z be 1059*(-14)/(-21) - 1. Suppose -o + 3*i + 715 = -0*o, -i = -o + z. What is the tens digit of o?
0
Let p be 156/(-15) - -10 - 42/(-5). Suppose -p*w + 18*w - 1690 = 0. What is the units digit of w?
9
Let r = -334 + 63. Let i = -200 + r. Let p = -287 - i. What is the units digit of p?
4
Let i(y) be the third derivative of y**5/60 + y**4/24 + 5*y**3/3 + 17*y**2. Let r be i(-6). Let u = 44 + r. What is the tens digit of u?
8
Suppose 13*a = -j + 9*a + 20, 2*a = 10. Suppose -5*h + 683 = -j*l + l, 0 = 2*l - 3*h - 1392. What is the hundreds digit of l?
6
Let w(h) = 27*h - 45. Suppose -250 - 47 = -11*n. What is the hundreds digit of w(n)?
6
Suppose -83 = b - 90. Suppose -3*g - 4*k = -493, -2*g + b*g - 799 = -k. Suppose 11*q + g = 14*q. What is the tens digit of q?
5
Let w be 2/32*4*(-2 + 2). Suppose -7*k = -w*k - 1400. Suppose -5*h + 3*p + 200 = 0, 7*h - p - k = 2*h. What is the tens digit of h?
4
Let f = 4471 + 9618. What is the thousands digit of f?
4
Let w be -4 - (2 + 4/4). Let y = 317 + -289. What is the units digit of 12/y - 130/w?
9
Let t(i) = 539*i**2 + i. Let f be t(1). Suppose -v - 4*w - f = -3*v, 4 = 4*w. Let o = -170 + v. What is the hundreds digit of o?
1
Suppose 7*t = 2*t - 16875. Let v be 4/14 - (t/21 - 0). Suppose 4*h - 3*u = -4*u + 183, -4*u - v = -3*h. What is the tens digit of h?
4
Suppose 0 = -4*x + 3*v - 7 + 2, 4*x = 4*v. Let t = x - -8. What is the tens digit of (3 + (-1 - 1))*168/t?
5
Let g(b) = -4*b**3 + b + 1. Let o be g(-1). Suppose 4*y - 72 = o*l, 4*y + 5*l - 62 = -8. What is the tens digit of y?
1
Let q = -322 - -1700. Suppose -5*j = -277 - q. What is the hundreds digit of j?
3
Let h be (-12)/(-5) - (265/(-25) + 11). What is the thousands digit of -183*((-1)/h)/(21/378)?
1
Let m = 97 + -97. What is the hundreds digit of 303 - (-1 - m)*2?
3
Let y be ((-24)/30)/((-2)/(-5)). Let o be (-1098)/(-10) - y/10. What is the units digit of 2/4*(6 + o)?
8
What is the hundreds digit of ((38/6)/(-2 + 1))/(60/(-111060))?
7
Let o be (20/(-5) + 343)*1. Let y = 609 - o. What is the units digit of y?
0
What is the tens digit of 77812/9 - (-3 - 275/(-99))?
4
Suppose 1 = -5*o + 11. Suppose -o*d - d = -12. Suppose -d*c + 120 - 20 = 0. What is the tens digit of c?
2
Suppose -r + 4*l - 8*l - 154 = 0, 0 = -4*l + 12. Let w(k) = -16*k + 18. Let s be w(-14). Let a = s + r. What is the tens digit of a?
7
Suppose 331*n - 2017183 = 399448. What is the hundreds digit of n?
3
Suppose 0 = -5*v + 15, -6079 = 2*n + 3*v - 14748. What is the tens digit of n?
3
Let u be 6*((-14)/(-12) + 9/27). Suppose u*v + 4*w + 310 = 10*v, 3*w + 9 = 0. What is the hundreds digit of v?
2
Suppose -20*r + 22*r = 4. Suppose -r*x - 28 = -32. Suppose -f + x*f = -2*z + 94, 0 = 2*z + 10. What is the hundreds digit of f?
1
Let b be (66/(-24))/(21/(-12) + 2). Let a be (-2 - b/4)/(3/12). Suppose 14*y - 2091 = -a*y. What is the tens digit of y?
2
Let x(w) = 14*w**3 + 6*w**2 - 3*w - 6. Let t be x(6). Let z be (t/40)/((-9)/(-30)). Suppose 50*d - z = 49*d. What is the hundreds digit of d?
2
Suppose 4 = -2*u + g, 4*u = -2*g + 5 + 3. Suppose -23*h + 32*h - 7056 = u. What is the tens digit of h?
8
Let m be (225/(-125))/((-1)/5). Suppose -5*x + x = -2*c, x = 2*c - m. Suppose -w + c*w = 25. What is the units digit of w?
5
Let t(m) = m**3 - 15*m**2 - 2*m + 184. Let n be t(14). Let i = 806 + n. What is the units digit of i?
6
Let z(u) = -u**3 + 73*u**2 - 77*u - 15. What is the hundreds digit of z(69)?
7
Let d = 6674 - -26335. What is the hundreds digit of d?
0
Let c = 21181 - 6506. What is the hundreds digit of c?
6
Let k(v) = 39*v - 7. Let p be k(5). Suppose 0 = 3*b - 590 + p. Suppose 4*x - 2*i = b, 2*x - x - 29 = -i. What is the units digit of x?
2
Suppose -27*g - 3*g + 126750 = 0. What is the tens digit of g?
2
Let d = -3186 + 5646. Let z = d + -1041. What is the units digit of z/9 + 6/(-9)?
7
Let m = -3 + 5. Let v = 89 + -20. Suppose 165 + v = m*x. What is the tens digit of x?
1
Let o = -3226 + 4746. What is the tens digit of o?
2
Suppose -22*q - 6*q + 280 = 0. Suppose 5*t + 3*j = 6381, q*t - 6369 = 5*t + 3*j. What is the thousands digit of t?
1
Let c = -28 - -29. Let k(m) = 66*m**3 - m**2 - m + 1. Let v be k(c). Suppose -z - p = -v, -2*z + p + 204 = 59. What is the tens digit of z?
7
Suppose -5*t - 109088 = -3*q, 0 = 4*q - 27*t + 28*t - 145489. What is the ten thousands digit of q?
3
Suppose -8*k + 5 + 19 = 0. Suppose -2*d = k*d + 10425. What is the units digit of d/(-20) + 1/(-4)?
4
Suppose -5*q + 4*c - 67468 = -348258, -3*q + 3*c + 168471 = 0. What is the units digit of q?
2
Suppose 2*n - 5*x = -7, -2*x 